 - 8. Let v(d) = d**3 - 3*d**2 + 4*d - 7. Let h(r) = 2*a(r) - 3*v(r). List the prime factors of h(-4).
5
Let y be (-12)/8*(-20)/(-3). Let p = -14 - y. Let l = 6 + p. List the prime factors of l.
2
Let y be (-18)/(-4) + (-9)/18. Suppose -y*o + 4*x + 74 = -2*o, 4*x = -12. What are the prime factors of o?
31
Suppose 2*g - 58 = 4. List the prime factors of g.
31
Let v(z) be the first derivative of z**2/2 - 4*z - 9. Suppose 0 = 2*t - 5*t + 27. List the prime factors of v(t).
5
Suppose 5*j - 3*j = 8. Suppose g + j = -g. Let p = g - -13. What are the prime factors of p?
11
Let q = -39 - -75. What are the prime factors of q?
2, 3
Let u(v) = -v**3 - 7*v**2 - 4*v - 1. Let c be u(-6). Let f = -8 - c. What are the prime factors of f?
5
Let g = 6 + -6. Suppose v + g = 4. List the prime factors of v.
2
Let s(d) = d**2 - 5*d - 32. List the prime factors of s(10).
2, 3
Let v = 14 + -20. Let h(s) = -s**3 - 5*s**2 + 4*s + 3. Let z be h(v). Let g = z + -4. What are the prime factors of g?
11
Suppose 0*w + 5*o - 16 = 2*w, 2*o = -4*w - 80. Let m = 12 + w. Let b = m + 13. List the prime factors of b.
7
Let z(b) = 3*b - 25. Let y = 47 - 30. List the prime factors of z(y).
2, 13
List the prime factors of 76 + -7 + -2 + -1.
2, 3, 11
Suppose -u + 11 = 3*o + o, 113 = 3*u - 4*o. Suppose -5*g + u = -5*j + 121, 3*g - 66 = -3*j. Let t = j - 14. What are the prime factors of t?
2, 3
Let n = -5 - -3. Let r(z) = -z**3 + 2*z. Let h be r(n). Suppose h*k + 11 = s + 1, k = -3*s + 30. What are the prime factors of s?
2, 5
List the prime factors of (-7)/(-4) - 2 - 4296/(-32).
2, 67
Let j(t) = 9*t - 4. Let l be j(4). Suppose 67 + 20 = -4*v + s, 4*v + 83 = 5*s. Let c = v + l. What are the prime factors of c?
2, 5
Let w(x) = 2*x**2 + 2*x. What are the prime factors of w(2)?
2, 3
Let q(w) = -w**3 - 6*w**2 - 3*w + 2. Let s be (-4)/18 - (-86)/(-18). Let r be q(s). Let n(p) = -3*p - 11. What are the prime factors of n(r)?
13
Let s(i) = -i**2 + 2*i + 3. Let a(g) = -2*g**2 + 3*g + 6. Let n(d) = -4*a(d) + 9*s(d). Let m = 7 + -4. What are the prime factors of n(m)?
2, 3
Let y(o) = o**2 + o + 4. Let q(n) = -2*n - 2 + 3*n - 4*n - n**2. Let f be q(-2). What are the prime factors of y(f)?
2
Let x = -2 + 12. Suppose w - 4 = x. List the prime factors of w.
2, 7
Let b be -10*1/((-15)/54). Let p = b - 50. Let z = p - -20. List the prime factors of z.
2, 3
Let y(t) = 23*t**2 - t - 1. Let s be y(-1). Let p = -3 + s. What are the prime factors of p?
2, 5
Suppose 0 = g - 2*g, 74 = n + g. List the prime factors of n.
2, 37
Suppose -3*t + 15 - 3 = 0. Let d(m) = -m**3 + 5*m**2 - 4*m + 4. What are the prime factors of d(t)?
2
Let b be -1*1/(-2)*2 - 1. Let m(g) = -69*g**3 - 1. Let l be m(-1). Suppose b*t = -4*t + l. What are the prime factors of t?
17
Let q(n) = 16*n**3 - 1. List the prime factors of q(1).
3, 5
List the prime factors of ((-6)/8)/((-3)/960) - -3.
3
List the prime factors of 3*((-12)/9 + 3).
5
Suppose 0 = a - 2*a. Suppose 5*j + a*j = 30. List the prime factors of j.
2, 3
Let t(o) = o**2 - 5*o + 2. Let d be t(6). Let z = d - 5. Suppose 4*x - 3*m = 2*m + 86, -13 = -x - z*m. What are the prime factors of x?
19
Suppose 0 = 21*q - 6*q - 2160. What are the prime factors of q?
2, 3
Let d = -42 + 27. Let f = 11 + d. Let a = f + 11. What are the prime factors of a?
7
Suppose -5*f = -5*r + 95, -3*f + 32 = r - 7. Suppose -2*u = -6 + r. List the prime factors of (-56)/(-9) + 2/u.
2, 3
Let q = 108 + -77. List the prime factors of q.
31
Let s be 4*2/((-2)/(-1)). Suppose -2*a + s*h = 10, 4*h + 0 - 30 = -2*a. Suppose 0 = p - a*p + 12. What are the prime factors of p?
3
Let j(h) = h**3 - 9*h**2 + 11. What are the prime factors of j(9)?
11
Suppose 2*r - 10 = -3*r. What are the prime factors of (r - 8/(-4)) + 38?
2, 3, 7
Suppose -4*q = -9*q + 50. List the prime factors of (12/(-10))/(q/(-150)).
2, 3
Let i(l) = 30*l - 6. Let u be i(4). Suppose -5*v = -8*v + u. List the prime factors of v.
2, 19
List the prime factors of (-12)/9*(-81)/6.
2, 3
Suppose 0 = 2*w - w - 2. Suppose w*c + 0*l = -l + 39, 69 = 4*c - l. List the prime factors of c.
2, 3
Let v(o) = o**2 - 2*o + 5. Let j be v(5). Let s = 29 - j. Suppose -d + 5*u = u - s, -3*u - 27 = -3*d. What are the prime factors of d?
3
Suppose -5*j + 3*x = -662, 0 = j + 3*x - 2*x - 134. What are the prime factors of j?
7, 19
Let d = -146 - -211. What are the prime factors of d?
5, 13
Suppose 0 = -5*d + 2*z + 369, 5*z + 72 = d + 4*z. What are the prime factors of d?
3, 5
Let w(y) = -y**3 + 15*y**2 + 13*y - 11. What are the prime factors of w(15)?
2, 23
Let g(d) = d + 9. Let j be g(-4). Suppose -j*b = -15 - 10. What are the prime factors of b?
5
Let n(d) = 149*d**3 - 4*d**2 + 5*d - 2. What are the prime factors of n(1)?
2, 37
Let v(o) = o**3 + 9*o**2 + 7*o - 10. Let t be v(-8). Let x = t - -3. What are the prime factors of (1 + 0)*8 - x?
7
Suppose 3 = -5*u + 13. Let f = 3 + u. Suppose 0 = 5*a - f*g - 55, 2*a - 6*a + 54 = -2*g. What are the prime factors of a?
2
Let s(k) = -29*k + 1. Let v be s(-1). Let o = v - 16. What are the prime factors of o?
2, 7
Suppose 3*j = -j. Let n(r) = r**2. Let t be n(j). Suppose 0 = 4*z - 2*f - 14, -3*z + 5*f = t. List the prime factors of z.
5
Let l = -8 + 6. Let j = 1 - l. Suppose 2*h = -4*n + 38, 4*n + 20 = 5*n - j*h. List the prime factors of n.
11
Suppose -2*j - 5*u + 5 + 2 = 0, -2 = -3*j + u. Let o = j - 1. Suppose 4*i - 3*i - 9 = o. What are the prime factors of i?
3
Suppose -v - v + 38 = 0. Suppose 4*a - 16 = -56. Let k = a + v. What are the prime factors of k?
3
Let p(o) = o**3 - 4*o**2 - 5*o + 1. Let n be p(5). Suppose 0 = -5*u - 4*b - 22, 0 = -5*b + n + 9. What are the prime factors of 6*(u/3 + 3)?
2, 3
Let x(m) = -m - 2. Let l be x(-3). Let z = l + -16. List the prime factors of 2/5 - 144/z.
2, 5
Let k(f) = -12*f + 2. Let b(h) = 61*h - 10. Let m(v) = -2*b(v) - 11*k(v). List the prime factors of m(1).
2
Let p = -91 + 111. What are the prime factors of p?
2, 5
Let c be 0 + 3*(-28)/(-6). What are the prime factors of (-1)/(c/8 - 2)?
2
Suppose -4*l + 9 = -103. List the prime factors of l.
2, 7
Let v = 329 + -173. What are the prime factors of v?
2, 3, 13
Let w = 73 - 39. List the prime factors of w.
2, 17
What are the prime factors of -8*(-2)/(16/28)?
2, 7
Let a = 72 + -68. List the prime factors of a.
2
Let i(k) = 18*k**2 - k. Suppose 4*u - 10 = -2. Suppose 0*z - u = -2*z. List the prime factors of i(z).
17
Suppose -4*w - 384 = -4*z, -2*z + 105 = -z - 4*w. List the prime factors of z.
3, 31
Suppose h - 2*h = 2*o - 69, 4*o = 4*h + 132. What are the prime factors of o?
2, 17
Let v = 245 - 123. Suppose -8 - v = -5*r. What are the prime factors of r?
2, 13
Let l = 89 + -50. What are the prime factors of l?
3, 13
Let o = 2 - 2. List the prime factors of 2*9 - o/2.
2, 3
Let b = -9 - -13. Suppose -b*a = -2*a - 24. What are the prime factors of a?
2, 3
Let y = -4 + 6. Suppose f - p + 2*p - 2 = 0, 4 = y*f + 4*p. Suppose 3*d = 12, 4*i + 11 = f*d + 59. What are the prime factors of i?
2, 7
Suppose -2*p = 2, -4*p - p = 3*v - 7. Suppose -v*w + 7 + 5 = 0. Suppose 3*g - 27 = 5*x, -x + 36 = g + w*g. What are the prime factors of g?
3
Suppose 5*w + 80 = -b, 3*w - 4*w - 212 = 3*b. What are the prime factors of (-24)/15*b/4?
2, 7
Suppose -4*f - 2*d + 50 = 0, -5 = d - 0. Suppose -5 = -2*x - 3*t, f = x + x + t. What are the prime factors of x?
2, 5
Let r be 2/8 - 214/(-8). Suppose -v = -2*v + r. Suppose -3*b + v = -3*p, 4*b + 4*p - 36 = 2*b. What are the prime factors of b?
2, 3
Suppose z + 4 = 0, 18 = -0*m + 2*m - 2*z. Suppose r - 4*k = 25, 0 = m*r - r + k - 32. What are the prime factors of r?
3
Suppose 2*g = -3*t - 2*g + 263, 4*g - 8 = 0. List the prime factors of t.
5, 17
Let u(t) = 32*t - 14. What are the prime factors of u(8)?
2, 11
Suppose 54 = -0*g - 2*g. Let d(h) = h**3 - 7*h**2 - 2*h - 3. Let v be d(7). Let u = v - g. List the prime factors of u.
2, 5
Let f = -5 - -32. List the prime factors of f.
3
Suppose 176 = 7*w - 153. What are the prime factors of w?
47
Suppose -2*b - a + 14 = b, 5*b - 18 = -3*a. List the prime factors of b.
2, 3
Let y be (-8)/28 + 32/14. Suppose -3*m + 3 = 4*o - y, -5*o - 20 = 0. List the prime factors of m.
7
Let v(h) be the first derivative of -h**3/3 - h**2/2 + 13*h + 3. What are the prime factors of v(0)?
13
What are